be v(-4). What is the highest common divisor of c and o?
5
Let w be 254/2 - (-1 + 0). Suppose -4*n = -0*f + f + 7, -4*f - 4*n - 52 = 0. Let u be (-12)/f*5*4. What is the greatest common factor of u and w?
16
Let i = -11 - -14. Let n = 17 - i. Suppose -2*q + 126 = q. What is the highest common divisor of q and n?
14
Let r(q) = -2*q - 14. Let w be r(-12). Suppose -2*n + 7*n = 4*v + 11, v = -3*n + w. Calculate the highest common factor of v and 7.
1
Let b(s) = -s**2 + 10*s - 5. Let j be b(5). Calculate the greatest common factor of 260 and j.
20
Let c be (1 + 0)/((-2)/(-12)). Let v(s) = s**2 - 7*s. Let w be v(c). Let x be (-10)/3*(3 + w). Calculate the greatest common divisor of x and 5.
5
Let q be 160/28 + (-4)/(-14). What is the greatest common divisor of q and 3?
3
Let z be -264*1*4/6. Let f be z/(-10) + 20/50. What is the greatest common divisor of 9 and f?
9
Let v be 2*6/12 + 40. What is the highest common divisor of 41 and v?
41
Suppose -2*w + 9 = -35. What is the greatest common divisor of w and 198?
22
Suppose 2*w - 30 = -4*q, 0*q = -3*q + 5*w - 10. Suppose -3*g + q*g = 32. What is the greatest common divisor of 40 and g?
8
Suppose -s + 15 = 3*n, 3*s - 5 = -2*n + 33. Calculate the highest common factor of s and 12.
12
Let m = -75 - -91. Calculate the greatest common divisor of 48 and m.
16
Let j = 17 - -53. Calculate the highest common divisor of j and 10.
10
Suppose 2*l + 15 = x, 0 = 2*x + 4*l - 3 - 3. Calculate the highest common factor of 18 and x.
9
Let g(w) = w**3 + 4*w**2 + 3*w. Let x be g(-3). Suppose x = -4*y - 6 + 58. Calculate the highest common divisor of 91 and y.
13
Suppose 2*z - 5*a - 67 = 0, 2*z - z + 3*a - 28 = 0. What is the greatest common divisor of 62 and z?
31
Let a be (-2)/(-4)*8/2. Let u = 19 + -17. Suppose i - u = a. What is the greatest common factor of i and 4?
4
Let x = 4 + -2. Suppose 5*o = -4*s + 20, -4*s + 10 = 2*o - x*s. Suppose -4*b + o = -72. Calculate the highest common factor of 90 and b.
18
Let a = 3 - 1. Suppose 0 = 3*t - a - 7. Calculate the greatest common factor of t and 2.
1
Let h be 10/((-3)/(-3 - 0)). Let n(c) = -c - 4. Let x be n(-8). Suppose x*t = -4*u + 124, 4*u + 7 = 5*t + 122. What is the highest common divisor of u and h?
10
Let g(n) be the second derivative of n**4/6 - n**3/6 + 2*n**2 - 8*n. Let b be g(4). What is the highest common divisor of b and 160?
32
Suppose -2*q + 57 = 5*n - 27, 5*n - 78 = -4*q. Let c = n + -12. Calculate the highest common divisor of 18 and c.
6
Suppose 690 = -0*u + 6*u. Calculate the greatest common factor of 23 and u.
23
Suppose -3*m + 2 = -2*m. Suppose -m*o + 6 = o. Suppose 5*s - 71 = -d - 21, 86 = o*d + 3*s. What is the greatest common factor of d and 5?
5
Let v = 116 + 137. What is the highest common factor of v and 23?
23
Let a(i) = -4*i**3 - 9*i**2 + 6*i + 16. Let z be a(-4). What is the highest common divisor of z and 26?
26
Suppose 0 = -3*a - 3*b + 60, 5*a + 5*b = 2*b + 106. Calculate the greatest common divisor of 207 and a.
23
Let a = -23 + 63. Calculate the greatest common factor of 5 and a.
5
Let g be 0 + 2/(4/14). What is the greatest common divisor of 1 and g?
1
Suppose 36 + 28 = 8*i. Calculate the greatest common factor of 28 and i.
4
Suppose p + 4*l + 4 = -p, 0 = -p - l. What is the highest common factor of p and 5?
1
Let r = -2 - -5. Suppose 2*f - r*f = -42. What is the greatest common factor of 14 and f?
14
Suppose -16 = 3*i - 7*i. Calculate the greatest common factor of 36 and i.
4
Let b(h) = -h**2 - 5*h + 3. Let l be b(-5). Calculate the greatest common factor of l and 27.
3
Let q(l) = 7 - 15*l + 11*l + 3*l. Suppose 5*f - 3 = 12. Let z be q(f). Calculate the highest common divisor of 40 and z.
4
Suppose 3*r + 12 = -0*r. Let y = 46 + r. What is the greatest common factor of 14 and y?
14
Let m be (-6)/5*(-10)/4. Suppose -2*n = -26 + 2. Calculate the greatest common factor of n and m.
3
Suppose 0*q = 4*q + 60. Let v be (q - -3)/(-3) + 0. Calculate the greatest common factor of 12 and v.
4
Suppose -4*i - i - 40 = 0. Let h be (i/6)/((-4)/42). Suppose -h + 4 = -d. Calculate the greatest common divisor of d and 25.
5
Let y = 5 - -5. Let j = 5 + y. Let v(k) = 2*k**2 + 4*k - 1. Let d be v(-3). What is the greatest common divisor of d and j?
5
Suppose 2*i + 4 = -2*i. Let z be (-217)/i - (-1 + 2). What is the highest common factor of 24 and z?
24
Let a be -1 - ((-7 - -4) + -4). Let s = 30 + a. What is the highest common divisor of s and 12?
12
Let g be (9 + -1)/(2/30). Suppose -2*n + g = 3*n. Calculate the highest common divisor of 36 and n.
12
Let z(u) = -u**2 - u - 18. Suppose 6*r = r. Let d be z(r). Let p be (-165)/d + 2/(-12). Calculate the greatest common factor of 72 and p.
9
Suppose -36 + 0 = -3*p. Calculate the highest common divisor of 24 and p.
12
Suppose b = -2*b + 1017. Let f = b - 196. Calculate the highest common divisor of f and 13.
13
Suppose -j = c - 6, 0*c = -c - 4. Let m(k) = -2*k + 3*k + k**2 - 2*k**2 + j. Let f be m(0). Calculate the greatest common factor of f and 20.
10
Suppose -5*w - 34 = -679. Suppose -r + 50 = 2*k - 36, -3*k - 4*r = -w. Let z = k - 19. Calculate the highest common factor of 36 and z.
12
Let i = 860 + -588. What is the greatest common factor of i and 34?
34
Let w be (-2)/(-3) - (-103)/3. Let m = 17 - 3. What is the highest common factor of w and m?
7
Let c be (-110)/(-11) + 1*-1. Suppose -99 + c = -3*x. What is the highest common factor of x and 120?
30
Let n be 512/24*6/4. Calculate the greatest common divisor of 80 and n.
16
Let t(w) = w + 7. Let z be t(-6). Let h be -1*(0 - z - 80). Let q be ((-9)/3)/((-2)/6). Calculate the highest common divisor of q and h.
9
Let o be (-10)/15 + 69/9. Calculate the greatest common divisor of o and 77.
7
Let q(z) = 2*z**2 + 0*z - 4*z - 6 + 4*z. Let o be q(5). Calculate the highest common factor of 11 and o.
11
Suppose -3*n + 5*n - 452 = 3*i, 0 = -4*i - 8. Let s = n - 158. Calculate the highest common divisor of s and 26.
13
Let i be ((-143)/26)/((-2)/44). What is the greatest common factor of i and 11?
11
Suppose 0 = -4*o + 2*o + 30. Let m = o + -6. Suppose -5*r + r + 360 = 0. Calculate the highest common divisor of m and r.
9
Let k be (-40)/6 + (-14)/(-21). Let z = k - -19. Calculate the greatest common divisor of z and 91.
13
Suppose 0*j + 4*a - 18 = -j, -4*a + 8 = -4*j. Suppose j*l = -0*l + 4. Let m be (-3 + 2)/(l/(-6)). What is the greatest common factor of 33 and m?
3
Let k(o) = -41*o + 1. Let i be k(-1). Let f be 684/i + (-4)/14. Suppose 0*r + 2*r = 288. What is the highest common divisor of f and r?
16
Let v = -5 + 8. Suppose 38 = 3*x - 2*j, -v*j = -2*x - 3*x + 63. Let f(m) = 27*m**2 - m - 2. Let d be f(-2). Calculate the greatest common factor of x and d.
12
Suppose -7*b + 77 + 105 = 0. What is the highest common factor of 39 and b?
13
Let v = 3 - 1. Suppose -o - 2*g - 6 = 0, -o - 18 = -6*o + v*g. Suppose 11 = 4*z - n, -5*n = z - 0 + 13. What is the greatest common divisor of z and o?
2
Let u = 8 + -8. Let f be -3 + 1*(u + 11). What is the greatest common factor of 8 and f?
8
Suppose 456 = -4*y + 12*y. Calculate the greatest common factor of y and 19.
19
Suppose 2 = b - 1. Suppose 13 = 3*l - 5*q, q = 3*l + 2*q - 19. What is the greatest common factor of b and l?
3
Let k(p) = p**3 + 2*p**2 - 3*p - 3. Let f be k(-3). Let q(b) = 2*b**2 - b - 1. Let r be q(f). Let t = -12 + 32. What is the greatest common factor of r and t?
20
Let i be ((-50)/15)/(1*(-3)/54). Calculate the greatest common divisor of i and 90.
30
Suppose 0 = 2*h + h - 96. Let g(x) = -x - 2. Let o be g(-8). Let n be (-18)/o + (82 - -1). Calculate the highest common divisor of n and h.
16
Suppose -4*x + 139 = -0*x + z, 52 = 2*x + 4*z. Calculate the greatest common factor of x and 54.
18
Suppose -4*l + 123 + 69 = 0. What is the highest common factor of 12 and l?
12
Let o = -1 + 10. Suppose -5*h = -o - 6. Suppose 0 = -z + h*z - 90. What is the highest common factor of 9 and z?
9
Suppose 5*d - 31 - 9 = 0. Suppose d = -4*p + 5*p. Calculate the highest common divisor of 16 and p.
8
Let i = -2 + -2. Let f(k) = 4*k**2 + 3*k - 4. Let b be f(i). What is the highest common divisor of 16 and b?
16
Suppose 3*s - 34 = 20. Let l(v) = v**3 - 11*v**2 + 11*v - 8. Let g be l(10). Calculate the greatest common factor of s 